of t?
3
Let s be (-4)/(-6) + 291/9. Let p = -18 + s. What are the prime factors of (-1)/(p/8 + -2)?
2
Suppose 5*w + 235 - 945 = 0. What are the prime factors of w?
2, 71
Suppose -76 = -3*s - 22. What are the prime factors of s?
2, 3
Let k(v) = v**3 + 5*v**2 - 4*v + 2. Let n be k(-6). Let f = -5 - n. Suppose 0 = f*l - 10 - 0. List the prime factors of l.
2
Suppose -2*u = 5*z + 22 - 181, 4*u + 45 = z. List the prime factors of z.
3, 11
Let k = -8 - -18. What are the prime factors of k?
2, 5
Let a = -52 + 24. Suppose 0 = 3*b + 9 + 45. Let w = b - a. List the prime factors of w.
2, 5
What are the prime factors of (-36)/3*-1 + -1?
11
Suppose -q = 1 - 2. Let n be -138 + q/(2/6). List the prime factors of (2/3)/((-6)/n).
3, 5
Let o(q) = -5*q + 3. Let r(l) = 9*l - 6. Let a(i) = -7*o(i) - 4*r(i). Let y be a(4). List the prime factors of (y + 11)/2*2.
2, 5
Let l(z) = 19*z**3 - z**2 + 2*z - 1. List the prime factors of l(1).
19
Suppose -c + 5*c + 4*h - 28 = 0, 5*c - 3*h = 75. Let u = c + 6. What are the prime factors of u?
2, 3
Let q be 530/50 - (-2)/5. What are the prime factors of 4*q - 4/2?
2, 3, 7
Let l = 37 - 26. Let x = l + -8. List the prime factors of x.
3
Suppose 9 = -5*s - 16. What are the prime factors of (s/2)/((-2)/4)?
5
Let t be (-3 - 0) + (-6)/(-6). Let r = t + 25. List the prime factors of r.
23
Let f(p) = -3*p**2 - 29*p + 33. Let b(z) = -2*z**2 - 19*z + 22. Let s(o) = 8*b(o) - 5*f(o). List the prime factors of s(-8).
3
Let l = -6 + 12. Let n be 4/l - 22/6. List the prime factors of (-32)/6*n + 1.
17
Let a(r) = -r - 1. Let i be a(-5). Suppose i - 1 = p. Suppose p*d - 5*d + 12 = 0. List the prime factors of d.
2, 3
Let s(h) be the second derivative of 7*h**5/20 - h**4/12 + h**3/6 + 3*h**2/2 - h. Let z(c) be the first derivative of s(c). List the prime factors of z(1).
2, 5
Let w(i) = -i**3 - 4*i**2 + 13*i + 1. Let n be w(-7). Suppose -n = -b - 3. What are the prime factors of b?
2, 3
Suppose -r = -0*r - 4*j - 25, -5*r = -2*j - 107. What are the prime factors of r?
3, 7
Let j = 167 + 44. List the prime factors of j.
211
Let u(v) = 6*v**2 + v - 3. Let n be u(-3). Let y(f) = 3*f**2 - 2*f - 1. Let l be y(2). Suppose -q - 6*p + 2*p = -l, 4*p = 4*q - n. List the prime factors of q.
11
Let a(d) = 75*d**2 - 3*d - 11. List the prime factors of a(-2).
5, 59
Suppose 14*y - 19*y = 30. Let v = 24 - y. What are the prime factors of v?
2, 3, 5
Let f be (-1)/(3/(27/(-3))). Suppose 4*k - 3*k = -u - f, 3*u + 14 = -4*k. What are the prime factors of 10/(-4)*6/k?
3
What are the prime factors of (-6)/(-27)*-102*-3?
2, 17
Let l(x) = 2*x. List the prime factors of l(7).
2, 7
Let b be ((-28)/6)/(5/(-15)). Suppose 5*r - b = 11. Suppose 6*t + 18 = 5*t - r*n, 5*t - n - 40 = 0. List the prime factors of t.
7
List the prime factors of (-11)/(-44) + (-1406)/(-8).
2, 11
Suppose 0 = k - 6 + 22. List the prime factors of -20*(-4 + k/(-5)).
2
List the prime factors of 22 + (5 + 3)*2/8.
2, 3
Let y(k) = k. Let x(m) = 6*m + 3. Let r(z) = -x(z) + 4*y(z). Let q(p) = 3*p. Let l be q(-2). What are the prime factors of r(l)?
3
Suppose -3*b - 15 = 2*b. Let l = b + 26. List the prime factors of 6/15 + l/5.
5
Let s(n) = 14*n**2 + 1. What are the prime factors of s(1)?
3, 5
Let l = 23 - 14. List the prime factors of l.
3
Suppose -365 = 68*q - 69*q. List the prime factors of q.
5, 73
Suppose -9*c + 4*c + 280 = 0. List the prime factors of c.
2, 7
Let s = 68 - 47. List the prime factors of s.
3, 7
Let o be 8/(-2)*6/4. Let d be (2/o*0)/2. Suppose -l = d, -2*l + 20 = m + m. List the prime factors of m.
2, 5
Let v = 6 - 1. Suppose 59 - v = 3*i. What are the prime factors of i?
2, 3
List the prime factors of -2*2/6*(-4008)/16.
167
Suppose -4*f + 8 = 0, -21 + 53 = -2*x - 5*f. Let n = x + 46. What are the prime factors of n?
5
Let a(h) = -3*h + 53. List the prime factors of a(-25).
2
Let s(h) = -4*h**2 - 4*h - 20. Let w(o) = 3*o**2 + 3*o + 19. Let z(t) = 4*s(t) + 5*w(t). List the prime factors of z(0).
3, 5
What are the prime factors of ((-212)/16 + 3)/((-1)/4)?
41
Let h = 370 + -261. What are the prime factors of h?
109
Let a(k) = k. Let r be a(0). Suppose r = -o + 34 - 10. What are the prime factors of o?
2, 3
Suppose 0 = -a + 26. What are the prime factors of a?
2, 13
Let m be 3/12 + 243/(-12). Let u be m/(-15) + (-4)/(-6). Suppose 4*j = -4*l + 36, u*l + 3*l - 4*j - 27 = 0. What are the prime factors of l?
7
Suppose 0 = -3*m + 2*s + 10, -3*s - 8 = -m - 0*s. Suppose o + 2*o = -l + m, -o - 18 = -2*l. List the prime factors of l.
2
Let z(i) = -i**2 - 7*i - 5. Let w be z(-5). Suppose -w*b + 4*q + 2 = -0, 0 = 2*q + 6. List the prime factors of 2/(1 - (-1)/b).
2
Let t = 6 + -5. What are the prime factors of -1 + 2 + (22 - t)?
2, 11
Let n = 24 + 11. Let a(m) = m**3 + 2*m**2 - 2*m + 1. Let q be a(2). Suppose q = 4*z - n. List the prime factors of z.
2, 3
Let d be 4/10 + (-56)/(-10). List the prime factors of 2/d + 28/6.
5
Let l = 11 - 26. Let y = 51 - 29. Let a = y + l. List the prime factors of a.
7
What are the prime factors of 257/15 + 4/(-30)?
17
Suppose -3*g = -4*v + 7, 2*g + 2*v = 6*g - 4. Suppose g*l + 2*l = 0. Let q = l - -5. List the prime factors of q.
5
Suppose -n - n = -3*j - 304, -2*j = -4. List the prime factors of n.
5, 31
List the prime factors of (-20)/6*(-6)/4.
5
Let q = 4 + -15. Let d = -8 - q. Suppose -4*p + 23 = d*f - 0*p, 0 = 4*f + p - 22. What are the prime factors of f?
5
Let p be -1 + 2 - 0 - 5. Let w = 6 + p. List the prime factors of (-4 - w)/((-9)/6).
2
Let y = -7 - -57. Let f = y - 28. What are the prime factors of f?
2, 11
Suppose -2*y + 19 + 1 = 4*u, -4*y + 2*u + 80 = 0. Let g = 12 + y. List the prime factors of g.
2, 3, 5
Let f = -5 + 6. Let v be (-6)/(-10) + 14/10. Let k = v + f. What are the prime factors of k?
3
List the prime factors of (8 + 0)/((-6)/(-9)).
2, 3
Let f(t) = -3*t + 29. List the prime factors of f(-13).
2, 17
Let w(h) = 4*h + 18 - 3*h - 5. List the prime factors of w(-10).
3
Let t be (-16)/(-10) + (-4)/(-10). Suppose x - t*x = 0. Let c = 8 - x. List the prime factors of c.
2
Suppose -8*f - 74 = -9*f. What are the prime factors of f?
2, 37
What are the prime factors of ((-4)/(-6))/((-7)/(-84))?
2
Let l(z) = -3*z + 8. Let x(n) = -3*n + 9. Let o(i) = -6*l(i) + 5*x(i). List the prime factors of o(6).
3, 5
Suppose 8*m - 98 = m. Let i be -1 + 2 - 6/(-2). What are the prime factors of i/m + (-136)/(-14)?
2, 5
Let z = -36 + 82. What are the prime factors of z?
2, 23
Let u be -3 - (30/(-3))/2. Suppose 4*h + 15 = -h, u*h + 33 = q. Suppose 5*d - q - 29 = -4*y, -2*y = 3*d - 28. What are the prime factors of y?
2, 7
Let s(y) = y**2 + 8*y - 11. Let h be s(-10). Let n = 10 - h. What are the prime factors of 1 + 1 - (-12 - n)?
3, 5
Let y = 1 + 1. Let c = 3 - y. List the prime factors of (6/c)/(0 - -2).
3
Let y = 8 + -18. Let k = 9 + y. What are the prime factors of (-15)/k*8/10?
2, 3
Suppose -4*f + 3*f = 0. List the prime factors of 23 - (-1)/(-2)*f.
23
Let y(a) = -a**2 - 8*a - 5. Let w be y(-7). Let g(h) = -4*h**2 + 9*h**3 + h + w*h**2 - h**3. List the prime factors of g(1).
7
Let d = 5 - 0. Suppose 0*r + d*r + 20 = 0. Let l = 0 - r. List the prime factors of l.
2
Suppose -4*x = -q - 5 - 2, 4*x + 2*q = 10. Suppose -2*a + x*u = a + 18, 5*u = -4*a - 1. List the prime factors of a/(-14) + 40/7.
2, 3
Let s(n) = 3*n**2 + 5*n - 4. Let a(q) = -q**2 + 1. Let p(r) = 2*a(r) + s(r). List the prime factors of p(-7).
2, 3
Let q = -25 - -38. Let r = q + 48. What are the prime factors of (-6)/(-21) - r/(-7)?
3
Suppose 5*p - 43 = 4*b, 0*b + 15 = 5*b. Let h = 16 - p. What are the prime factors of h?
5
List the prime factors of ((-70)/25)/((-2)/25).
5, 7
Let m be (-31)/(-4) - 9/(-36). Suppose 5*h = -k - 14 - 6, 3*k + 20 = -5*h. Suppose -m = -2*r - k. List the prime factors of r.
2
Let o(t) be the first derivative of -t**3/3 + 9*t**2/2 + 13*t - 5. List the prime factors of o(9).
13
Let z(b) = b + 12. Let q be z(-5). Suppose 30 = 2*l - 3*p, q*p - 3*p + 10 = l. What are the prime factors of l?
2, 3
Let f = -132 + 166. What are the prime factors of f?
2, 17
Let c be (0 - 4)*2/(-4). Let q be c/7 - (-32)/(-14). What are the prime factors of 1 + (8 - (-1 - q))?
2
Let v be 1 + 0 + (-1 - 0). Suppose 0 = -3*x - v*x - 63. Let u = 35 + x. List the prime factors of u.
2, 7
Suppose -3*h + 